348)). What is the greatest common factor of x and 87?
29
Suppose 15*i - 126 = 6*i. Calculate the highest common divisor of i and 21.
7
Suppose 2*r - 147 = 5*n, 2*n + 333 = 5*r + n. Suppose 3*s + 3*q - 504 = 0, -4*q + 498 = 3*s - 3*q. What is the greatest common divisor of r and s?
33
Let u(g) = -g**3 + 7*g**2 + 15*g + 1. Let p be u(8). Let c = -46 + p. What is the highest common factor of 33 and c?
11
Let m be 1/((-6)/(-4440)*5). Calculate the highest common factor of m and 37.
37
Let y(j) = j**3 - 15*j**2 - 14*j - 29. Let n be y(16). Suppose 5*m - 5*d - 125 + 35 = 0, -n*m + 57 = -4*d. Calculate the greatest common divisor of m and 10.
5
Let m(t) = 51*t**2 + 64*t + 6. Let w be m(-3). Calculate the greatest common divisor of 42 and w.
21
Let t(p) = p**3 + 6*p**2 - 3. Let k be t(-6). Let u be k/4 + 21/(-4). Let y be 5 + u - 17*-1. Calculate the greatest common divisor of y and 112.
16
Suppose 8*l + 3*p = 4*l - 701, 2*l - 4*p = -334. Let m = -144 - l. Calculate the greatest common divisor of 145 and m.
29
Let p(i) = 4*i - 133. Let u be p(35). What is the greatest common divisor of 497 and u?
7
Suppose -10*y + 3*a + 525 = -5*y, 0 = 5*y - 4*a - 525. What is the greatest common factor of y and 3?
3
Let v = 12 + -37. Let d = 55 + v. What is the highest common divisor of 2 and d?
2
Let z = 1216 - 1205. Let u be (-2)/(-7) - (-634)/(-14). Let o = 43 - u. Calculate the highest common divisor of o and z.
11
Suppose 2*m - 4*y + 4 = 0, 4*m + 5*y - 6 = 25. Suppose 5*t - 3*t - 25 = 3*v, -3*t - m*v - 5 = 0. Calculate the highest common factor of 1 and t.
1
Suppose 2*f + a - 1219 = -f, -2*f - a + 813 = 0. What is the greatest common divisor of 14 and f?
14
Let z be -58*(4 - 1 - (-135)/(-10)). What is the greatest common factor of 58 and z?
29
Let m(n) = n**2 - 5*n - 9. Let b be m(7). Suppose 63*o = 59*o + 4. Calculate the greatest common divisor of o and b.
1
Suppose -3*p + 0 = -f - 3, 4*p - 3*f = 4. Suppose 5*a - 24 = 2*s, 4 + 0 = -a - 4*s. What is the greatest common divisor of a and p?
1
Let z = 221 - 65. What is the greatest common factor of 52 and z?
52
Let z(k) = -3*k**2 + 28*k - 13. Let q be z(7). Calculate the highest common factor of q and 8.
4
Let j(y) = 7*y - 59. Let b be j(12). What is the greatest common divisor of 20 and b?
5
Let h = -3 + 9. Let d(c) = -c**3 + 6*c**2 + 4*c + 8. Let w be d(h). Let j be -2 + (w - (3 - 1)). Calculate the highest common divisor of j and 7.
7
Suppose 944 = 5*n - 681. Let s = n + -203. Let f = s - 45. What is the highest common factor of 11 and f?
11
Suppose 1306 = 17*h + 184. Calculate the greatest common divisor of h and 42.
6
Suppose 2*h + 267 = -4*k - 3*h, 4*k + 243 = 3*h. Let y be (k/(-27))/((-2)/(-24)). Let n = 87 + -45. What is the greatest common factor of n and y?
14
Let o(r) = -139 + 61 + 11*r + 73. Suppose h - 5*g - 3 + 4 = 0, 4*h - g = 15. Let x be o(h). What is the greatest common divisor of x and 13?
13
Let z = 94 + -100. Let v be (8 - (-73 - z)) + 1 + -4. Calculate the greatest common divisor of 18 and v.
18
Suppose 20*c - 84 = -5*h + 17*c, -2*c = h - 21. Calculate the highest common factor of 6090 and h.
15
Suppose 3 + 3 = 2*g, -5*g = -s + 9. Suppose 16 = 2*u - 5*d, 0 = -u + 4*u - 2*d - 24. What is the highest common factor of s and u?
8
Let w = -22 + 34. Suppose 3*b + b = w. Suppose b*m + 9 = 4*m. What is the greatest common factor of 45 and m?
9
Let w(n) = 10*n**3 - 2*n**2 + 4*n - 4. Let g be w(2). What is the greatest common divisor of g and 133?
19
Suppose -3*k + 5*q - 35 = -6*k, -k = -3*q + 7. Calculate the highest common divisor of 2 and k.
1
Let k(x) = x**3 + 3*x**2 - 2*x + 3. Let p be k(-4). Let m(f) = -7 + 0 + 3*f + f**2 + 0 + 1. Let a be m(p). Calculate the greatest common divisor of a and 8.
4
Let y = -286 + 325. Let k(b) = -2*b**3 + 2*b**2 + 3*b - 1. Let u be k(-3). Let m = u + -36. Calculate the greatest common divisor of m and y.
13
Let d(z) = 3*z**2 - 2*z - 38. Let c be d(8). Calculate the highest common factor of c and 24.
6
Let u(p) = -14*p**3 + p**2 - 2*p - 2. Suppose -45*g + 41*g = 4. Let q be u(g). Calculate the greatest common divisor of q and 3.
3
Let h be 16/12*-3 - -4. Suppose h*w - 54 = -w. Calculate the greatest common divisor of w and 36.
18
Let i = -131 - -167. Calculate the greatest common divisor of i and 8.
4
Let o be (-32)/(-48) - (-3)/((-18)/4). Suppose o = -8*s + 200 + 232. What is the highest common factor of 12 and s?
6
Suppose -533 = -5*i + 2*d, i + 3*d = d + 97. Suppose 5*w - 214 = -39. Calculate the highest common factor of w and i.
35
Let y(s) = s**3 + 7*s**2 - 14*s - 18. Let j be y(-8). Let c(o) = 6*o + 6*o + j*o + 5 + 4*o. Let p be c(4). What is the highest common divisor of p and 21?
21
Let r = -21 + 83. Suppose -2*x - 4*d - 97 = -5*x, r = 2*x - 4*d. Calculate the greatest common factor of x and 7.
7
Let s be (-7*2)/((-7)/56). Let v(g) = -g**3 - g**2 + 3*g - 5. Let l be v(-5). Suppose a - l = -4*a. What is the highest common factor of a and s?
16
Let n = 79 + -37. Let w(k) = 3*k - 4. Let i be w(6). What is the greatest common divisor of n and i?
14
Suppose -s - q + 15 = 4*q, 0 = -s + 2*q + 29. Suppose w - 47 = s. What is the greatest common factor of w and 16?
8
Suppose 2*t = -3*m + 16, 0 = 4*t - 0*t - 2*m. Calculate the greatest common factor of t and 3.
1
Suppose 0 = -3*x + 1225 - 454. Suppose -3*u - 47 = -x. Let z(l) = l**2 - 6*l - 17. Let q be z(9). What is the greatest common factor of u and q?
10
Let b(r) = -2*r - 1. Let x be b(-1). Let i(n) = -n - 1. Let g be i(-8). Calculate the greatest common divisor of x and g.
1
Let s(t) = -t**3 + 4*t**2 - 3*t + 2. Let p be s(3). Let u(m) = 12*m**2 - 4*m + 4. Let a be u(p). What is the greatest common divisor of a and 11?
11
Let t = -8 + 12. Let b = 61 - t. Let j = -34 + b. What is the greatest common factor of 46 and j?
23
Let r = 73 + -67. Suppose r*m - 56 = 5*m - 5*p, -m + 2*p = -21. Calculate the greatest common factor of m and 31.
31
Suppose -4*j - 689 = -773. Let a be (0 + -28)*33/(-4). Calculate the greatest common factor of a and j.
21
Let h be ((-11)/22)/((-1)/624). What is the greatest common factor of h and 117?
39
Suppose 4*c + 79 = -269. Let v = -36 - c. Suppose 4*a - 17 = q + 46, -2*a = 4*q - 54. What is the highest common divisor of v and a?
17
Suppose 0 = -2*s + s - 1. Let j be (2 + s/2)*-2. Let o = j + 18. Calculate the highest common factor of 105 and o.
15
Let i = -4245 + 4293. Let q = -2 + 0. Let x be (-13)/q - (-1)/(-2). Calculate the highest common divisor of i and x.
6
Let p = -327 - -375. What is the highest common factor of p and 24?
24
Suppose -6*k + 12*k - 672 = 0. Calculate the greatest common divisor of k and 14.
14
Let b(o) = o. Let d be b(2). Suppose 17*y - 15*y = 8. Suppose -y*m + 53 = t, 4*t + d + 10 = 0. What is the highest common factor of 2 and m?
2
Let r = 22 + -17. Suppose -2*i + 1 = -r. Suppose 51 = 3*a + i*m, -4*m = -5*a + 51 + 7. What is the highest common divisor of a and 14?
14
Let y be (25/20)/((-3)/12). Let p be (3/1)/((-5)/y). What is the greatest common divisor of p and 2?
1
Let j(l) = -l**2 - 7*l - 6. Let t be j(-6). Suppose -3*u - 114 + 786 = t. Calculate the highest common factor of 28 and u.
28
Let i = 48 + 24. What is the greatest common factor of i and 180?
36
Let h be 6/(-10) + (-161)/(-35). Suppose -7*n - 4 = -32. Calculate the highest common factor of n and h.
4
Let z = -106 - -130. Let l = -4 + z. What is the greatest common divisor of l and 15?
5
Suppose -20 = 191*n - 187*n. Let d(y) = 7*y + 36. Let b be d(n). Let p = 8 + -4. Calculate the greatest common divisor of p and b.
1
Let v be (12/30 - -3)*165. What is the highest common divisor of v and 51?
51
Suppose 5*u - 172 = -b, 0 = 3*u - b + 27 - 135. Suppose 0 = -2*s + 2*l + 34, 4*s + 4*l - 17 = u. What is the greatest common divisor of 15 and s?
15
Suppose 0 = -5*j - 3*p + 580, -2*j = 3*j - 2*p - 605. Calculate the highest common factor of j and 17.
17
Let p(u) = -2*u**2 + 29*u + 5. Let j be p(7). Let f = -15 + 25. Calculate the greatest common divisor of j and f.
10
Let z(c) = c**2 + c - 5. Let o be z(4). Suppose -11*r = -o*r + 20. Suppose d - 180 = -r*i, 4*i = 5 - 1. What is the highest common factor of d and 25?
25
Suppose 677 = -3*l + 3395. Calculate the highest common divisor of l and 6.
6
Suppose 